 Let h be x(-2). Let u = h + -20. Let y(w) = 15*w**2 - 1. What is y(u)?
14
Let y(k) = k + 2. Let n(h) = -h**3 + 15*h**2 + 5. Let i be n(15). Suppose 4*s + 4*g = 0, -4*s + 22 + 5 = -i*g. Calculate y(s).
5
Let y be 3 - -5 - (0 - -3). Let g(j) = 11*j**2 - 5*j - 2. Let o(p) = 6*p**2 - 2*p - 1. Let l(n) = y*o(n) - 2*g(n). Give l(-1).
7
Suppose -t - 12 = t. Let i be t*(-1 + 4/2). Let h(o) = -o**3 - 7*o**2 - 6*o + 3. Give h(i).
3
Let t = -39 + 42. Let h(z) = 4*z. What is h(t)?
12
Suppose -z + 0 = 8. Let y(q) = -4*q**3 + 7*q**2 - 6. Let f(o) = -11*o**3 + 20*o**2 + o - 18. Let d(t) = z*y(t) + 3*f(t). Let k be 2/(-7) - (-120)/28. Give d(k).
6
Let z(s) = 3*s**2 - 2*s + 1. Let k(f) = -4*f - 17. Let x be k(-5). Give z(x).
22
Let t(f) = 3*f. Let y(q) = -q. Let c be y(-2). Let l(u) = -u - 1 + 30*u**c - 31*u**2 + 2*u. Let b(w) = -l(w) + t(w). Give b(-2).
1
Suppose 4 + 1 = -5*o. Let k be o + (2 + -1 - 0). Let l = 4 - k. Let p(u) = -u**2 + 4*u - 4. Determine p(l).
-4
Let f(u) = -u**2 + 5*u - 2. Let c be f(2). Let a(n) = -n**2 + 3*n + 1. Determine a(c).
-3
Let s(m) = -2*m - 7. Let i(b) = b**2 + 10*b + 9. Let q be i(-7). Let c = q - -7. Calculate s(c).
3
Let y(n) = -n**3 + 7*n**2 + 8*n + 5. Suppose -2*o + 4*d = -0*d + 4, 0 = 4*o + 5*d - 57. Determine y(o).
5
Let f(b) = 9*b. Let y be f(1). Suppose 0 + y = -l. Let z = l + 14. Let d(p) = 2*p - 7. Give d(z).
3
Let a(q) = -6*q**3 + q**2 - 2*q + 1. Let r be a(1). Let i(s) = s + 8. Calculate i(r).
2
Let x(u) = 4*u**2 - 3*u - 1. Let q(b) = -5*b**2 + 4*b. Let m(a) = 3*q(a) + 4*x(a). Let p be m(3). Let l(i) = -1 - p*i + 3*i + 0. Determine l(-2).
3
Let b = -10 - -5. Suppose 0 = 2*o - 4 - 6. Let z(u) = 2 + 0 + u - o - 3*u. Calculate z(b).
7
Let c(k) = k**3 - 6*k**2 + 3*k - 1. Suppose 2*h = 4 + 6. Give c(h).
-11
Let p(r) be the first derivative of -r**4/24 - r**2 - 1. Let w(q) be the second derivative of p(q). Give w(4).
-4
Let n = -2 + 0. Let h = 2 + 1. Let q(g) = -2*g + h*g - 3*g + 1. Determine q(n).
5
Let k(r) = r**2 + 15*r - 10. Let y be k(-16). Let d(g) = g**3 - 6*g**2 - g. Calculate d(y).
-6
Let i(d) = -3*d - 7. Let w = 6 + -11. Give i(w).
8
Let t(s) = -5*s + 10. Let q be t(10). Let k be (-27)/15 - (-8)/q. Let l(w) be the first derivative of w**2 + w + 1. Determine l(k).
-3
Let d = -2 + 2. Suppose -4*a - 4*o = -16, 32 = 5*a - d*a - o. Let q(f) = -f**2 + 7*f - 6. Determine q(a).
0
Let c(i) = -2*i + 2. Let o be ((-15)/10)/((-9)/24). Give c(o).
-6
Let m(w) = -5*w**2 + 0*w**3 + 3*w - 2*w + w**3 - 7. Let q be (-15)/(-10)*4/6. Let y = q + 4. Give m(y).
-2
Let r be (7/(-14))/(2/(-24)). Let m(t) be the third derivative of t**6/120 - 7*t**5/60 + 5*t**4/24 - 4*t**3/3 - 3*t**2. Calculate m(r).
-14
Let j(v) = 2*v - 1. Let u = -2 + 0. Suppose -4*l + 3*b + 2*b = -19, 3*b + 6 = -3*l. Let k = l + u. Calculate j(k).
-3
Let g(s) = -s - 1 + 0 - 1. Suppose 0*q - q - 4*a + 6 = 0, -3*a + 12 = 0. Let o = 6 + q. Determine g(o).
2
Let u(q) be the first derivative of q**4/24 + 2*q**3/3 + 5*q**2/2 - 5. Let m(w) be the second derivative of u(w). Give m(-3).
1
Let i(p) = 2*p + 5. Let r(k) = -k**2 + 5*k + 7. Let x be r(6). Let y(f) = f + x - 2*f + 2*f. Let w(n) = -i(n) + 3*y(n). Calculate w(2).
0
Let t(l) = -l**3 + 4*l**2 + 2*l + 5. Suppose -3*d + 5*d - 10 = 0. Give t(d).
-10
Let q(p) = -5 + 5 + 0*p**2 - 7*p**2 + 4 + p**3. Give q(7).
4
Let b(o) = o**2 - 5*o. Let q(l) = -8*l - 11. Let f be q(-2). Give b(f).
0
Let f(x) = 2*x + 7. Let w(q) = 2*q + 7. Let r(v) = -4*f(v) + 3*w(v). Determine r(-5).
3
Let m(u) = 9 - 6*u - u**2 - 4*u**2 + 4*u**2 + u**3 - 4*u**2. Determine m(6).
9
Let x(c) = -9*c**2 - 4*c + 5. Let j(w) = -10*w**2 - 3*w + 4. Let y(n) = -5*j(n) + 4*x(n). Calculate y(-1).
15
Let l = 5 + -3. Let b(v) be the first derivative of -v**5/20 + v**4/24 + v**3/3 - v**2 + 1. Let w(i) be the second derivative of b(i). What is w(l)?
-8
Let s(y) be the first derivative of -y**3/3 + 7*y**2/2 - y - 60. What is s(7)?
-1
Let v(g) be the second derivative of g**5/20 + 5*g**4/12 - 4*g**3/3 - 7*g**2/2 - 8*g. Give v(-6).
5
Let a be (56/(-12))/((8/3)/4). Let i(n) = -n**2 - 6*n + 4. Calculate i(a).
-3
Let g(o) = -5*o. Let s(b) = b. Let c(f) = -g(f) - 4*s(f). What is c(1)?
1
Let a(s) = s**3 - 3 - 2 - 4*s**2 + 0*s + 0*s. Suppose j = -4*p + 13, -4*p + j + 0*j = -19. What is a(p)?
-5
Let x(v) = -v**3 + 3*v**2 - v + 3. Let s(r) = -2 + 10*r**2 - 3 - 9*r**2 - 1. Let c be s(3). What is x(c)?
0
Suppose 0 = -4*v + 14 + 6. Let x(z) = -z**3 + 5*z**2 + 7. What is x(v)?
7
Let h = -2 - 3. Let s(t) be the first derivative of -t**5/120 - t**4/24 + t**3/3 - 2. Let f(d) be the third derivative of s(d). Determine f(h).
4
Let m(s) = 8*s**2 + 11*s - 8. Let o(q) = 7*q**2 + 10*q - 7. Let k(t) = -6*m(t) + 7*o(t). Give k(-7).
20
Let l(b) = -b**3 - b**2 + 4*b + 3. Let v be l(-2). Let f(q) be the first derivative of -5*q**2/2 + q + 13. Calculate f(v).
6
Suppose -2*g + 22 = 4*t, 4*t + 3*g - 5 = 18. Let k(n) = -n + 1. Let w(o) = -1. Let b(f) = k(f) + 2*w(f). Calculate b(t).
-6
Let s(z) = z**3 + 4*z**2 + 4*z + 3. Suppose 5*b + 0*b = 0. Suppose j + 5*r + 23 = b, 3*r = -5 - 7. Calculate s(j).
0
Let b(m) = 1 - 6 - m + 6 - 3. Let c be 7*6/(-7)*-1. Determine b(c).
-8
Let p(j) = -2*j**3 - 10 - j**2 + 5 + 4 - j - j**3. What is p(-2)?
21
Let i(k) = -2*k**3 + 15*k**2 + 21*k - 14. Let t(g) = -g**3 + 8*g**2 + 11*g - 7. Let u(d) = 4*i(d) - 7*t(d). Determine u(5).
3
Let f(i) = -2*i - 3. Suppose -4*y = 31 - 3. Determine f(y).
11
Let m be 0 - (-9)/(4*(-15)/(-40)). Let g(x) = -3*x + 8. What is g(m)?
-10
Let h(c) = -c + 1. Let p(s) = -2*s - 1. Suppose -3*g + 2 = 11. Let u be p(g). Calculate h(u).
-4
Let k(n) be the third derivative of -1/6*n**4 + 1/60*n**5 + 0 + 1/360*n**6 + 1/3*n**3 - 2*n**2 + 0*n. Let v(d) be the first derivative of k(d). What is v(-3)?
-1
Let l(r) = 2*r. Let d(z) = 5*z - 1. Let x(q) = 3*d(q) - 8*l(q). Calculate x(3).
-6
Let a be (-1)/(-2) - 238/(-4). Suppose 0 = -u - 4*u + a. Suppose 4*r = 32 - u. Let t(j) = j**3 - 4*j**2 - 5*j + 3. Give t(r).
3
Let b(n) = 2*n + 9. Let r(w) = -3*w + 15. Let a be r(7). Determine b(a).
-3
Let w(v) = -v**3 - 5*v**2 - 7*v - 4. Let a = 7 - 6. Let u be -8 - (12/(-4) - a). Give w(u).
8
Let p(k) = k**2 + 3*k - 6. Let i(h) = 2*h + 2. Let m be i(-4). Let w(l) = l**2 + 9*l - 11. Let z be w(-10). Let f = m - z. What is p(f)?
4
Let q = 156 - 145. Let d(s) = 2*s - 14. What is d(q)?
8
Let v(c) = 19*c**3 + 3*c**2 + c - 3. Let t(u) = -96*u**3 - 16*u**2 - 6*u + 16. Let k(i) = 2*t(i) + 11*v(i). Determine k(-1).
-16
Suppose 3*p - 6*p = -9. Let u = -5 + p. Let v = u - -6. Let w(g) = -g**2 + 6*g - 3. Determine w(v).
5
Let t(y) = y**2 - 5. Let r = 14 + -9. Let o(i) = -i**2 + 4*i - 5. Let v be o(4). Let s = v + r. Determine t(s).
-5
Suppose 0*s = -2*s. Let w(p) = -2*p + 4 + s*p**2 - 3 - 2*p**2 + 0. Determine w(1).
-3
Let n(p) = -2*p**2 + 2*p. Let l be (-2)/(-7) + 40/7. Suppose 7 = -2*r + 15. Let y be 15/l + (-2)/r. What is n(y)?
-4
Let g = -43 + 40. Let w(z) = z - 3. Give w(g).
-6
Let j(g) = g**3 + 11*g**2 - 11*g - 1. Let r(h) = -h**3 + h + 1. Let y(v) = -j(v) - 2*r(v). Calculate y(10).
-11
Suppose 1 - 5 = -2*x. Let a(c) = -6*c. What is a(x)?
-12
Suppose -2*a - 18 - 4 = 5*j, a = -5*j - 21. Let w(r) be the second derivative of -3*r**5/10 + r**2/2 + r. Give w(a).
7
Let c(l) = -2 + 3*l**2 - 4*l**2 - 1 - 5*l - 3*l. What is c(-7)?
4
Let g(p) be the second derivative of -7/6*p**3 - 8*p + 0 + 1/20*p**5 - 7/12*p**4 - 9/2*p**2. Determine g(8).
-1
Let d(b) = -4*b**3 + 3*b**2 - 3*b - 3. Let w(l) = 3*l**3 - 4*l**2 + 2*l + 4. Let x be -2 + (-7)/(21/(-12)). Let h(n) = x*d(n) + 3*w(n). Give h(6).
6
Let q(k) = k**2 - 9*k - 6. Let g be q(10). Let o(s) = -s**2 + 4*s - 6. Give o(g).
-6
Let x(b) = 4*b**2 + 3*b - 2. Let m(t) = t**3 + t**2 + t + 1. Let f = 6 + -5. Let r(h) = f*x(h) + m(h). What is r(-4)?
-1
Let m(y) = y + 11. Let i be m(-5). Let w(f) = -3 + i*f - 3 - 2*f + f. Give w(4).
14
Let o(u) be the third derivative of -u**6/120 + u**5/30 + u**4/24 + u**3/6 + 8*u**2. Suppose -3*t + t = -6. Give o(t).
-5
Let r(s) = 7*s - 8*s + 3 - 2*s. Let v = -7 - -11. Suppose 3*i - 5 = -4*m + 4*i, -6 = 3*m - v*i. Give r(m).
-3
Let h(b) be the third derivative of 0 - b**2 - 1/24*b**4 + 0*b + 0*b**3. Suppose 0 = 2*v - 3 + 1. Determine h(v).
-1
Suppose -4*o + m = -2*m + 20, 0 = 3*o - 4*m + 15. Let f(d) = 3*d - 2*d